?
21
Let o(b) = -2*b**3 - 2*b**2 - 3*b + 1. Let t(w) = -5*w. Suppose 13*p = 12*p + 1. Let g be t(p). Let c be o(g). Calculate the highest common divisor of c and 27.
27
Let q = 17 - 15. Suppose 12 = q*o + 2*o. Suppose 5*i - o*i = 10. What is the highest common factor of 20 and i?
5
Let s(u) = 104*u**2. Suppose -2 + 4 = 2*w. Let d be s(w). What is the greatest common divisor of d and 13?
13
Suppose 2*j + 3*m - 21 = 0, -3*m = 5*j - 8*m + 10. Let i(l) = l**3 - 2*l**2 - l - 2. Let x be i(j). What is the greatest common divisor of x and 16?
4
Let l be (-3 + 2)/((-9)/45). Let f be (-4)/2*220/(-8). What is the highest common divisor of f and l?
5
Suppose 5*n - i - 431 = i, 2*i + 346 = 4*n. Suppose 3*c - 115 = -6*r + r, 3*r = -5*c + n. Calculate the highest common factor of r and 20.
20
Suppose 12*w + 8 = -220. Let j(p) = -p**2 - 21*p - 12. Let m be j(w). Calculate the highest common divisor of 182 and m.
26
Suppose -8*c + 13*c - 52 = -v, -3*c + v = -36. Calculate the highest common divisor of 77 and c.
11
Let u(g) = -30*g - 72. Let c be u(-9). What is the highest common factor of 44 and c?
22
Suppose 4*u + 2*u = -18. Let x be 42 + -6 + (1 - u). What is the highest common divisor of x and 8?
8
Suppose -5*n + 86 = -49. Let b = n + -16. Let p be -1 + 178*(-4)/(-8). Calculate the highest common factor of p and b.
11
Suppose 5*m = -s + 167, 2*m - 7*m = 2*s - 169. Let o be 10/(-55) + 1029/m. What is the greatest common factor of o and 279?
31
Suppose 3*r - 98 = 4*r - a, 5*a - 78 = r. Let f = r + 10. Let g be f/(-1*3/2). What is the highest common divisor of g and 31?
31
Let a = 66 - 71. Let r(q) = -17 - 3*q - 3*q + 3*q - 3*q. Let c be r(a). Calculate the highest common factor of 39 and c.
13
Let v be (-10)/((6/(-32))/3). Suppose -5*m = 2*k - 65, -11*k + 10*k - 5 = -5*m. What is the greatest common factor of v and k?
20
Let b = -8 + 16. Let t = b - -22. Suppose -48 = -5*i + 2*f, 0 = -2*i + 2805*f - 2801*f. Calculate the highest common factor of i and t.
6
Let r(s) = -s + 14. Let l be r(8). Suppose -l*o + 12*o = 90. Calculate the highest common divisor of 3 and o.
3
Let o be -32*(10/(-80))/((-1)/(-2)). Suppose -2*x = 2, 2*n - 7*n = x - 154. Let v = 43 - n. Calculate the highest common divisor of v and o.
4
Suppose 0 = -0*x - 2*x + 5*f - 7, -4*x = 3*f - 51. Let p = 50 - 5. What is the highest common factor of p and x?
9
Let s = -13 - -15. Suppose 1 = y + s. Let m be -2 + (-12)/(-3) - y. Calculate the greatest common divisor of 21 and m.
3
Let n(d) = -d**2 - 5*d + 13. Let v be n(-9). Let x be v/(-2)*(-28)/(-2). Suppose 2*s = s + x. What is the greatest common factor of s and 23?
23
Let k = -26 - -13. Let y be (k/(-13))/((-2)/(-14)) - -1. Calculate the highest common divisor of y and 152.
8
Suppose -4*t - 2*p + 101 = -3*p, -2*t - p + 43 = 0. Suppose -11 - 309 = 4*h. Let i = h - -152. Calculate the highest common factor of t and i.
24
Let s be ((-45 + 3)/6)/((-49)/21). Calculate the greatest common divisor of s and 1119.
3
Suppose -3*b = 3 + 6, -5*t + 53 = -b. Let r = 7 + -3. Suppose 4*j + 3 = i, -63 = -r*i - 0*j - j. Calculate the highest common divisor of i and t.
5
Let q(p) = -14*p - 1 - 10*p + 25*p. Let o be q(4). Let b be 46 + (o - 3) + 2. What is the greatest common factor of 6 and b?
6
Let r = 48 + -18. Suppose -2*d + 20 = -4. Calculate the greatest common divisor of r and d.
6
Let c(t) = 4*t**2 + 10*t - 15. Let o be c(6). Calculate the greatest common divisor of 21 and o.
21
Let b be 9 - 9 - -2*17. Let t = -32 + b. Suppose 6 - 4 = t*q. What is the greatest common divisor of q and 11?
1
Let q be (((-272)/(-3))/17)/(1/15). Calculate the greatest common factor of 1040 and q.
80
Let p be 304/24*540/40. Calculate the highest common divisor of 570 and p.
57
Let w(f) = f**3 - 4*f**2 + 2. Let k be w(2). Let o be 4/(8/k) + 31. Suppose -22 = -5*r + o. What is the greatest common divisor of 30 and r?
10
Let g be ((-190)/(-100) - 4/10)*2. Suppose -g*r = -5*k + 8, 1 = -4*k + 2*r + 9. Calculate the highest common factor of k and 36.
4
Suppose -54 = -4*r + 126. Suppose -6*j + 3*j + 6 = 0. Suppose -5*d - 50 = -5*l, -j*d - 3*d - 23 = -2*l. Calculate the greatest common divisor of l and r.
9
Let c(y) = y**3 + 2*y**2 - y + 2. Let v be c(-3). Let l(m) = 2*m + 12. Let w be l(v). Suppose 32 = w*p - 256. What is the highest common divisor of 9 and p?
9
Suppose -27 = -w + 5*t, 7*t - 2*t = -25. What is the highest common divisor of w and 126?
2
Let q(j) = 5*j**2 + 6*j - 4. Let i be q(2). What is the highest common factor of 756 and i?
28
Let r = -105 - -70. Let s = 15 - r. What is the highest common divisor of s and 125?
25
Suppose 364 = 7*t - 196. What is the greatest common factor of t and 20?
20
Let x = 49 - 51. Let q be ((75/x)/(-5))/(12/120). Calculate the greatest common divisor of q and 15.
15
Let g be ((-455)/(-3))/5 - 12/9. What is the greatest common divisor of g and 29?
29
Suppose 138*r = 144*r - 480. What is the highest common factor of r and 120?
40
Suppose -70*f = -68*f - t - 80, -3*f + 4*t + 120 = 0. Calculate the greatest common divisor of 12 and f.
4
Suppose 4*u + 30 = 9*u. Suppose -3*y - u*y = -36. Calculate the greatest common divisor of y and 1.
1
Let v(l) = l**3 + 18*l**2 + 10*l - 36. Let s be v(-17). Suppose 86*r - s*r - 24 = 0. Calculate the highest common factor of 20 and r.
4
Let g(r) = -115*r + 9. Let y be g(-2). Let p = y - 92. What is the greatest common factor of p and 21?
21
Let w(v) = 5*v - 6. Let i be w(4). Let t = -123 - -107. Let q be (1 - 0) + (-8)/t*250. Calculate the greatest common factor of q and i.
14
Let q be 2728/20 - 6/15. Calculate the highest common factor of 51 and q.
17
Let w(z) = -2*z**2 - 112*z + 69. Let y be w(-16). Calculate the highest common divisor of 19 and y.
19
Suppose 11*n + 3*n = 7182. What is the highest common divisor of 19 and n?
19
Let s(x) = 15*x**2 + x. Let g be s(-1). Suppose 207 = 4*c + 5*c. Suppose 0 = -4*v + c - 3, q - 106 = 4*v. Calculate the highest common divisor of g and q.
14
Suppose -q - 70*r + 1228 = -73*r, -4*r = -4*q + 4904. Calculate the greatest common divisor of 49 and q.
49
Suppose 5*d - 4*u = 284, -219 = -4*d - 0*d - 5*u. What is the greatest common factor of d and 40?
8
Let y(r) = -r**2 + 7*r - 4. Let h be y(6). Suppose -g = h*g. Suppose 2*i + 0*i - a - 26 = g, 3*i + 2*a - 46 = 0. What is the greatest common factor of i and 35?
7
Let h = -19 - -31. Let w(q) = 2*q**2 - 9*q + 18. Suppose 5*v = k + 26, 3*v - 4*k = -9*k + 38. Let u be w(v). What is the highest common divisor of h and u?
12
Let w(g) = -3*g + 2. Let t be w(-2). Suppose -i + 4 = -2. What is the highest common factor of t and i?
2
Suppose -4*g + 2*j = -26, 0 = 5*g + j + 2*j - 49. Let u(l) = -3*l + l - 9 + g*l. Let x be u(5). What is the highest common divisor of x and 14?
7
Let s be (-6 - -2) + 1 + 30. Let m be -6*7/((-42)/s). Calculate the greatest common factor of 54 and m.
27
Let g = 92 + -75. Let d = 95 + g. What is the greatest common factor of 28 and d?
28
Let b = -347 + 351. Calculate the greatest common factor of 128 and b.
4
Suppose 11*v = 13*v - 128. Calculate the highest common divisor of 832 and v.
64
Let i = -9 + 17. Suppose 12*g + 11 = 47. Suppose -7*l + 280 = g*k - 3*l, 3*k - 5*l - 244 = 0. What is the greatest common factor of i and k?
8
Let a be ((-56)/(-7))/(1*(-2)/2). Let r(v) = -3 + 0*v - 5*v - 7. Let l be r(a). What is the greatest common divisor of 90 and l?
30
Let x be (-36 - -30) + 21*1. Suppose 0 = -4*z + 5*z + 4*h - 5, 5*h = 0. Calculate the highest common divisor of x and z.
5
Suppose -14*q - 767 + 3707 = 0. Calculate the greatest common factor of q and 84.
42
Let s(w) = -7*w**2 + 41*w + 13. Let z be s(6). What is the greatest common divisor of 161 and z?
7
Suppose -1 = -2*z + 1. Let u be (-24*5/(-10))/z. Calculate the greatest common factor of u and 84.
12
Let z(h) = -h**2 + 32*h - 126. Let q be z(25). Calculate the greatest common divisor of q and 112.
7
Let s be 25/4 + 2/(-8). Let y be (-693)/(-6)*8/s. Let v be -9 - -16 - (6 - 23 - -2). Calculate the greatest common factor of v and y.
22
Let p be (-78)/((12/(-10))/((-100)/(-125))). What is the greatest common factor of 117 and p?
13
Let o = 868 - 813. What is the highest common factor of o and 715?
55
Let a = 3913 + -868. Calculate the highest common fa